{"id":1439,"date":"2024-10-23T18:17:43","date_gmt":"2024-10-23T16:17:43","guid":{"rendered":"https:\/\/adelfuzik.com\/?post_type=product&#038;p=1439"},"modified":"2025-02-04T22:06:42","modified_gmt":"2025-02-04T21:06:42","slug":"pac-colection","status":"publish","type":"product","link":"https:\/\/adelfuzik.com\/en\/product\/pac-colection\/","title":{"rendered":"Pac collection"},"content":{"rendered":"<p><span style=\"font-weight: 400;\">2Pac inspir\u00e1lta sneaker.<\/span><\/p>\n<p><span style=\"font-weight: 400;\">The price may vary depending on the base model and size of the shoe. The listed price applies to a Nike Air Force 1 base. <\/span><\/p>\n<p>&nbsp;<\/p>\n<p><b>Base:<\/b><span style=\"font-weight: 400;\"> Nike Air Force 1<\/span><\/p>\n<p><span style=\"font-weight: 400;\"><br \/>\n<\/span><b>Unique:<\/b><span style=\"font-weight: 400;\"> Bandana mint\u00e1k \u00e9s Tupac line art portr\u00e9j\u00e1nak f\u00fazi\u00f3ja.<\/span><\/p>\n<p><span style=\"font-weight: 400;\"><br \/>\n<\/span><b>Limited edition:<\/b><span style=\"font-weight: 400;\"> A Pac sneakerek korl\u00e1tozott darabsz\u00e1mban kaphat\u00f3ak.<\/span><span style=\"font-weight: 400;\"><br \/>\n<\/span><span style=\"font-weight: 400;\"><br \/>\n<\/span><span style=\"font-weight: 400;\">V\u00e1laszthat\u00f3 f\u0171z\u0151:<\/span><\/p>\n<ul>\n<li style=\"font-weight: 400;\" aria-level=\"1\"><span style=\"font-weight: 400;\">norm\u00e1l fekete f\u0171z\u0151<\/span><\/li>\n<li style=\"font-weight: 400;\" aria-level=\"1\"><span style=\"font-weight: 400;\">norm\u00e1l feh\u00e9r f\u0171z\u0151<\/span><\/li>\n<li style=\"font-weight: 400;\" aria-level=\"1\"><span style=\"font-weight: 400;\">norm\u00e1l lila f\u0171z\u0151<\/span><\/li>\n<li style=\"font-weight: 400;\" aria-level=\"1\"><span style=\"font-weight: 400;\">norm\u00e1l t\u00fcrkiz f\u0171z\u0151<\/span><\/li>\n<li style=\"font-weight: 400;\" aria-level=\"1\"><span style=\"font-weight: 400;\">k\u00f6teles fekete f\u0171z\u0151<\/span><\/li>\n<li style=\"font-weight: 400;\" aria-level=\"1\"><span style=\"font-weight: 400;\">k\u00f6teles b\u00e9zs f\u0171z\u0151<\/span><\/li>\n<li style=\"font-weight: 400;\" aria-level=\"1\"><span style=\"font-weight: 400;\">k\u00f6teles lila f\u0171z\u0151<\/span><\/li>\n<li style=\"font-weight: 400;\" aria-level=\"1\"><span style=\"font-weight: 400;\">k\u00f6teles t\u00fcrkiz f\u0171z\u0151<\/span><\/li>\n<\/ul>\n<p><span style=\"font-weight: 400;\">A kollekci\u00f3t minden id\u0151k egyik legnagyobb old school rappere Tupac Amaru Shakur ihlette.<\/span><\/p>\n<p><span style=\"font-weight: 400;\"><br \/>\n<\/span><span style=\"font-weight: 400;\">A bandana kend\u0151 kiemelked\u0151 jelk\u00e9p a hiphop kult\u00far\u00e1ban.az oldshool korszak egyik alapvet\u0151 kieg\u00e9sz\u00edt\u0151je, kifejezi az utc\u00e1hoz val\u00f3 k\u00f6t\u0151d\u00e9st \u00e9s az egy\u00e9n szem\u00e9lyis\u00e9g\u00e9t. Ezek a k\u00e9zzel festett, r\u00e9szletes jellegzetes mint\u00e1k jelennek meg lila \u00e9s t\u00fcrkiz kombin\u00e1ci\u00f3ban a cip\u0151n Tupac portr\u00e9j\u00e1t kieg\u00e9sz\u00edtve.<\/span><\/p>\n<p><span style=\"font-weight: 400;\"><br \/>\n<\/span><span style=\"font-weight: 400;\">Tupac Shakur egy legend\u00e1s m\u0171v\u00e9sz \u00e9s t\u00e1rsadalmi ikon, akinek \u00f6r\u00f6ks\u00e9ge ma is \u00e9l \u00e9s hat\u00e1ssal van a t\u00e1rsadalomra, kult\u00far\u00e1ra \u00e9s zenei vil\u00e1gra. \u00dczenetei \u00e9s zen\u00e9je m\u00e9g mindig sok embert inspir\u00e1l, eml\u00e9ke \u00e9s hat\u00e1sa tov\u00e1bbra is megmarad az ut\u00f3kor sz\u00e1m\u00e1ra.<\/span><\/p>","protected":false},"excerpt":{"rendered":"<p>2Pac inspir\u00e1lta sneaker. Az \u00e1r elt\u00e9rhet a cip\u0151 alap modellj\u00e9t\u0151l \u00e9s m\u00e9ret\u00e9t\u0151l. A ki\u00edrt \u00e1r Nike Air Force 1 alapra vonatkozik. &nbsp; Modell: Nike Air Force 1 Egyedi tervez\u00e9s: Bandana mint\u00e1k \u00e9s Tupac line art portr\u00e9j\u00e1nak f\u00fazi\u00f3ja. Limit\u00e1lt kiad\u00e1s: A Pac sneakerek korl\u00e1tozott darabsz\u00e1mban kaphat\u00f3ak. V\u00e1laszthat\u00f3 f\u0171z\u0151: norm\u00e1l fekete f\u0171z\u0151 norm\u00e1l feh\u00e9r f\u0171z\u0151 norm\u00e1l lila [&hellip;]<\/p>","protected":false},"featured_media":2269,"comment_status":"closed","ping_status":"closed","template":"","meta":{"_acf_changed":false},"product_brand":[],"product_cat":[89],"product_tag":[],"class_list":{"0":"post-1439","1":"product","2":"type-product","3":"status-publish","4":"has-post-thumbnail","6":"product_cat-shoes","8":"first","9":"outofstock","10":"shipping-taxable","11":"product-type-variable"},"acf":[],"_links":{"self":[{"href":"https:\/\/adelfuzik.com\/en\/wp-json\/wp\/v2\/product\/1439","targetHints":{"allow":["GET"]}}],"collection":[{"href":"https:\/\/adelfuzik.com\/en\/wp-json\/wp\/v2\/product"}],"about":[{"href":"https:\/\/adelfuzik.com\/en\/wp-json\/wp\/v2\/types\/product"}],"replies":[{"embeddable":true,"href":"https:\/\/adelfuzik.com\/en\/wp-json\/wp\/v2\/comments?post=1439"}],"wp:featuredmedia":[{"embeddable":true,"href":"https:\/\/adelfuzik.com\/en\/wp-json\/wp\/v2\/media\/2269"}],"wp:attachment":[{"href":"https:\/\/adelfuzik.com\/en\/wp-json\/wp\/v2\/media?parent=1439"}],"wp:term":[{"taxonomy":"product_brand","embeddable":true,"href":"https:\/\/adelfuzik.com\/en\/wp-json\/wp\/v2\/product_brand?post=1439"},{"taxonomy":"product_cat","embeddable":true,"href":"https:\/\/adelfuzik.com\/en\/wp-json\/wp\/v2\/product_cat?post=1439"},{"taxonomy":"product_tag","embeddable":true,"href":"https:\/\/adelfuzik.com\/en\/wp-json\/wp\/v2\/product_tag?post=1439"}],"curies":[{"name":"wp","href":"https:\/\/api.w.org\/{rel}","templated":true}]}}

<p><span style="font-weight: 400;">2Pac inspirálta sneaker.</span></p>
<p><span style="font-weight: 400;">The price may vary depending on the base model and size of the shoe. The listed price applies to a Nike Air Force 1 base. </span></p>
<p>&nbsp;</p>
<p><b>Base:</b><span style="font-weight: 400;"> Nike Air Force 1</span></p>
<p><span style="font-weight: 400;"><br />
</span><b>Unique:</b><span style="font-weight: 400;"> Bandana minták és Tupac line art portréjának fúziója.</span></p>
<p><span style="font-weight: 400;"><br />
</span><b>Limited edition:</b><span style="font-weight: 400;"> A Pac sneakerek korlátozott darabszámban kaphatóak.</span><span style="font-weight: 400;"><br />
</span><span style="font-weight: 400;"><br />
</span><span style="font-weight: 400;">Választható fűző:</span></p>
<ul>
<li style="font-weight: 400;" aria-level="1"><span style="font-weight: 400;">normál fekete fűző</span></li>
<li style="font-weight: 400;" aria-level="1"><span style="font-weight: 400;">normál fehér fűző</span></li>
<li style="font-weight: 400;" aria-level="1"><span style="font-weight: 400;">normál lila fűző</span></li>
<li style="font-weight: 400;" aria-level="1"><span style="font-weight: 400;">normál türkiz fűző</span></li>
<li style="font-weight: 400;" aria-level="1"><span style="font-weight: 400;">köteles fekete fűző</span></li>
<li style="font-weight: 400;" aria-level="1"><span style="font-weight: 400;">köteles bézs fűző</span></li>
<li style="font-weight: 400;" aria-level="1"><span style="font-weight: 400;">köteles lila fűző</span></li>
<li style="font-weight: 400;" aria-level="1"><span style="font-weight: 400;">köteles türkiz fűző</span></li>
</ul>
<p><span style="font-weight: 400;">A kollekciót minden idők egyik legnagyobb old school rappere Tupac Amaru Shakur ihlette.</span></p>
<p><span style="font-weight: 400;"><br />
</span><span style="font-weight: 400;">A bandana kendő kiemelkedő jelkép a hiphop kultúrában.az oldshool korszak egyik alapvető kiegészítője, kifejezi az utcához való kötődést és az egyén személyiségét. Ezek a kézzel festett, részletes jellegzetes minták jelennek meg lila és türkiz kombinációban a cipőn Tupac portréját kiegészítve.</span></p>
<p><span style="font-weight: 400;"><br />
</span><span style="font-weight: 400;">Tupac Shakur egy legendás művész és társadalmi ikon, akinek öröksége ma is él és hatással van a társadalomra, kultúrára és zenei világra. Üzenetei és zenéje még mindig sok embert inspirál, emléke és hatása továbbra is megmarad az utókor számára.</span></p>

<p>2Pac inspirálta sneaker. Az ár eltérhet a cipő alap modelljétől és méretétől. A kiírt ár Nike Air Force 1 alapra vonatkozik. &nbsp; Modell: Nike Air Force 1 Egyedi tervezés: Bandana minták és Tupac line art portréjának fúziója. Limitált kiadás: A Pac sneakerek korlátozott darabszámban kaphatóak. Választható fűző: normál fekete fűző normál fehér fűző normál lila [&hellip;]</p>
